{"id":22342,"date":"2021-10-12T15:37:40","date_gmt":"2021-10-12T13:37:40","guid":{"rendered":"https:\/\/www.adolf-koch.de\/?page_id=22342"},"modified":"2026-02-08T16:05:55","modified_gmt":"2026-02-08T15:05:55","slug":"flinta","status":"publish","type":"page","link":"https:\/\/www.adolf-koch.de\/en_gb\/ueber-uns\/flinta\/","title":{"rendered":"FLINTA"},"content":{"rendered":"<div class=\"su-row\"><div class=\"su-column su-column-size-4-5\"><div class=\"su-column-inner su-u-clearfix su-u-trim\">\nOur FLINTA group is open to everyone who identifies as female, lesbian, inter, non-binary, trans *, or agender.<\/p>\n<p>As a FLINTA person, experiencing nudity without inhibition can be challenging, and FLINTA people are underrepresented in many nudist or naturist communities. Often, however, there is a desire to be naked with others \u2013 for example, to feel freer, to accept one&#039;s own body, or to reduce shame \u2013 but taking that first step is too daunting.<br \/>\nWith this group, we want to build a bridge, create a safe and brave space where everyone feels comfortable experiencing social nudity \u2013 whether you&#039;re just starting out or are already more experienced, it doesn&#039;t matter \u2013 everyone is welcome! The group offers a space to share experiences and discuss difficulties, as well as positive aspects.<br \/>\n<!--Aktuell treffen wir uns einmal pro Monat f\u00fcr gemeinsame Aktivit\u00e4ten wie Nacktyoga, -tanz, Kochabende, Saunabesuche - und sind offen f\u00fcr Deine Ideen! :) --><br \/>\nThe group is currently on hiatus due to limited capacity. However, we would be delighted if anyone (including non-members) would like to offer, organize, or lead something, or has any ideas; if you are interested, please get in touch. <a href=\"mailto:flinta@adolf-koch.de\" data-no-translation=\"\" data-no-auto-translation=\"\">flinta@adolf-koch.de<\/a><\/p>\n<p>We <!--versuchen uns aber auch dar\u00fcber hinaus zu vernetzen (z.B. \u00fcber Telegram), gemeinsam nackte R\u00e4ume zu erobern und-->We feel connected to other groups like the FLINTA sauna from <a href=\"https:\/\/saunasplash.de\/\" target=\"_blank\" rel=\"noopener\" data-no-auto-translation=\"\">Saunasplash<\/a> or the collective <a href=\"https:\/\/www.facebook.com\/Gleiche-Brust-f%C3%BCr-Alle-107741078236316\/?ref=page_internal\" target=\"_blank\" rel=\"noopener\" data-no-auto-translation=\"\">Gleiche Brust f\u00fcr Alle.<\/a>.<br \/>\nWe also have a group on Meetup:<br \/>\n<a href=\"https:\/\/www.meetup.com\/flinta-nude-sports-yoga-berlin\/\" data-no-auto-translation=\"\">https:\/\/www.meetup.com\/flinta-nude-sports-yoga-berlin\/<\/a><br \/>\n<!--&#091;su_spacer size=\"10\"&#093;\n&#091;su_divider top=\"no\" size=\"1\"&#093;\n--><!--Hast du noch Fragen? Dann schreibe einfach an <a href=\"mailto:flinta@adolf-koch.de\">flinta@adolf-koch.de<\/a>\nUnsere n\u00e4chsten Termine:\n&#091;events_list scope=\"3-months\" category=\"Flinta\"&#093;<span style=\"float: left;\">#_EVENTLINK am #_{d.m.} <\/span><br \/>&#091;\/events_list&#093;\n--><br \/>\n<!--Euer FLINTA-Team,\nEva, Stef und Ilka\n--><\/div><\/div>\n<div class=\"su-column su-column-size-1-5\"><div class=\"su-column-inner su-u-clearfix su-u-trim\">\n<\/div><\/div><\/div>","protected":false},"excerpt":{"rendered":"","protected":false},"author":5,"featured_media":0,"parent":9681,"menu_order":0,"comment_status":"closed","ping_status":"closed","template":"","meta":{"ngg_post_thumbnail":0,"footnotes":"","_links_to":"","_links_to_target":""},"class_list":["post-22342","page","type-page","status-publish","hentry"],"_links":{"self":[{"href":"https:\/\/www.adolf-koch.de\/en_gb\/wp-json\/wp\/v2\/pages\/22342"}],"collection":[{"href":"https:\/\/www.adolf-koch.de\/en_gb\/wp-json\/wp\/v2\/pages"}],"about":[{"href":"https:\/\/www.adolf-koch.de\/en_gb\/wp-json\/wp\/v2\/types\/page"}],"author":[{"embeddable":true,"href":"https:\/\/www.adolf-koch.de\/en_gb\/wp-json\/wp\/v2\/users\/5"}],"replies":[{"embeddable":true,"href":"https:\/\/www.adolf-koch.de\/en_gb\/wp-json\/wp\/v2\/comments?post=22342"}],"version-history":[{"count":29,"href":"https:\/\/www.adolf-koch.de\/en_gb\/wp-json\/wp\/v2\/pages\/22342\/revisions"}],"predecessor-version":[{"id":28120,"href":"https:\/\/www.adolf-koch.de\/en_gb\/wp-json\/wp\/v2\/pages\/22342\/revisions\/28120"}],"up":[{"embeddable":true,"href":"https:\/\/www.adolf-koch.de\/en_gb\/wp-json\/wp\/v2\/pages\/9681"}],"wp:attachment":[{"href":"https:\/\/www.adolf-koch.de\/en_gb\/wp-json\/wp\/v2\/media?parent=22342"}],"curies":[{"name":"wp","href":"https:\/\/api.w.org\/{rel}","templated":true}]}}

<div class="su-row"><div class="su-column su-column-size-4-5"><div class="su-column-inner su-u-clearfix su-u-trim">
Our FLINTA group is open to everyone who identifies as female, lesbian, inter, non-binary, trans *, or agender.</p>
<p>As a FLINTA person, experiencing nudity without inhibition can be challenging, and FLINTA people are underrepresented in many nudist or naturist communities. Often, however, there is a desire to be naked with others – for example, to feel freer, to accept one&#039;s own body, or to reduce shame – but taking that first step is too daunting.<br />
With this group, we want to build a bridge, create a safe and brave space where everyone feels comfortable experiencing social nudity – whether you&#039;re just starting out or are already more experienced, it doesn&#039;t matter – everyone is welcome! The group offers a space to share experiences and discuss difficulties, as well as positive aspects.<br />
<!--Aktuell treffen wir uns einmal pro Monat für gemeinsame Aktivitäten wie Nacktyoga, -tanz, Kochabende, Saunabesuche - und sind offen für Deine Ideen! :) --><br />
The group is currently on hiatus due to limited capacity. However, we would be delighted if anyone (including non-members) would like to offer, organize, or lead something, or has any ideas; if you are interested, please get in touch. <a href="mailto:flinta@adolf-koch.de" data-no-translation="" data-no-auto-translation="">flinta@adolf-koch.de</a></p>
<p>We <!--versuchen uns aber auch darüber hinaus zu vernetzen (z.B. über Telegram), gemeinsam nackte Räume zu erobern und-->We feel connected to other groups like the FLINTA sauna from <a href="https://saunasplash.de/" target="_blank" rel="noopener" data-no-auto-translation="">Saunasplash</a> or the collective <a href="https://www.facebook.com/Gleiche-Brust-f%C3%BCr-Alle-107741078236316/?ref=page_internal" target="_blank" rel="noopener" data-no-auto-translation="">Gleiche Brust für Alle.</a>.<br />
We also have a group on Meetup:<br />
<a href="https://www.meetup.com/flinta-nude-sports-yoga-berlin/" data-no-auto-translation="">https://www.meetup.com/flinta-nude-sports-yoga-berlin/</a><br />
<!--&#091;su_spacer size="10"&#093;
&#091;su_divider top="no" size="1"&#093;
--><!--Hast du noch Fragen? Dann schreibe einfach an <a href="mailto:flinta@adolf-koch.de">flinta@adolf-koch.de</a>
Unsere nächsten Termine:
&#091;events_list scope="3-months" category="Flinta"&#093;<span style="float: left;">#_EVENTLINK am #_{d.m.} </span><br />&#091;/events_list&#093;
--><br />
<!--Euer FLINTA-Team,
Eva, Stef und Ilka
--></div></div>
<div class="su-column su-column-size-1-5"><div class="su-column-inner su-u-clearfix su-u-trim">
</div></div></div>
